ppose 7*q + 28 = 4*u + 3*q, j*u = 2*q + 20. Calculate r(u).
-2
Let t be (-1)/(-1) + 1/(-1). Let u = 2 - t. Let z(c) = -13 - u*c - c**2 + 5 + 8. Determine z(-2).
0
Let p(v) = -7*v - 36. Let m(q) = 4*q + 19. Let y(z) = -5*m(z) - 3*p(z). Calculate y(-17).
-4
Let d(l) = -10*l**2 + l - 1. Let x(f) = f**2 - 6*f + 7. Let t be x(5). Suppose k = -1 + t. Determine d(k).
-10
Let f(u) = -2*u + 7. Let v be (-4)/6*(-5 + 8) - -24. Suppose -j + 3*y - v = -3*j, 4*j + 2*y = 28. Calculate f(j).
-3
Let y(t) = -1. Let o(p) = 2*p - 4. Let c(z) = -o(z) + y(z). Let k = 2146 + -2140. Determine c(k).
-9
Suppose 14 = 2*d + 2. Let r(s) = 0 + 4 - d - 1 + 2*s. Give r(5).
7
Suppose i = 5*l - 10 + 39, 1 = -l - i. Let j(m) = 5*m + 25. Calculate j(l).
0
Suppose -3*o - 11 = -2*a - 8*o, -3*o + 36 = -3*a. Let h(d) be the second derivative of d**3/6 + 3*d**2 + 413*d. What is h(a)?
-1
Let h(l) be the second derivative of -1/20*l**5 + 1/2*l**3 - 1/12*l**4 - l**2 - 2*l + 0. Let a(o) = -6*o - 45. Let x be a(-7). Give h(x).
7
Suppose -1 = -4*t - p, -3*p + 0*p + 18 = -3*t. Let r(a) be the third derivative of -a**6/15 - a**5/30 - a**4/24 - 7*a**2. Calculate r(t).
7
Suppose 36 = 3*q + 30. Let g(z) = -z - 312*z**3 + 1 - q*z**2 + z + 317*z**3. Determine g(-1).
-6
Let j(u) = u**2 + 3*u + 1. Let q(h) = h - 3 - 6*h - h - h**3 + 7*h**2. Suppose 3*s = 12 + 6. Let n be q(s). Determine j(n).
1
Let a(t) = t + 32. Let d(i) = -3*i - 86. Let m(p) = 11*a(p) + 4*d(p). Calculate m(7).
1
Let x(h) be the first derivative of h**3/3 - h**2/2 - h + 1. Let s be ((3 + 5)*1)/1. Suppose 0 = b - 9*b - s. What is x(b)?
1
Let z(m) = -2*m**2 + m - 4. Suppose 30 = 4*h + 18. What is z(h)?
-19
Let n(m) = -m**3 + 5*m**2 + 7*m - 8. Suppose -2*l = 4*i - 14, -2*i - 7*l = -6 + 29. Calculate n(i).
-2
Let k(i) = 8*i - 2. Let t be k(7). Suppose -t = -8*u - 6. Let w(m) = -m**2 + 5*m + 8. Give w(u).
2
Suppose 32 = -4*b + 2*v + 3*v, 5*b - 4*v + 31 = 0. Let k(m) be the first derivative of 2*m**3/3 + m**2/2 - 3*m - 663. Give k(b).
12
Let n(c) = c**2 - 2*c - 2. Let r(g) = g**3 - 16*g**2 + 16*g - 11. Let t(k) = k**2 + 7*k - 3. Let h be t(-9). Let d be r(h). Calculate n(d).
6
Let g = -5 + 8. Let u(v) = -4*v + 2*v**3 + 4*v**2 - 3 - v**g + 2. Let p = -385 + 380. Calculate u(p).
-6
Suppose 5*h + 14 = z, -2*h + h = 2*z - 6. Let f(w) = w**2 - w + 1. Give f(h).
7
Let k(w) be the first derivative of -6*w - 3*w**2 + 1/3*w**3 + 14. What is k(8)?
10
Let y(v) be the third derivative of -v**4/24 - 2*v**3 - v**2. Let l(h) = h**3 - 11*h**2 + 10*h + 4. Let i be l(10). Suppose i*r = -r. What is y(r)?
-12
Let h = -4 + 8. Let o be (-12)/10*20/(-6). Let c(a) = 2 - 7 + a + 2 - o*a**2 + a**3. Determine c(h).
1
Let p(h) be the third derivative of h**7/840 + h**6/90 - h**5/40 + 7*h**4/24 + 8*h**3/3 + 7*h**2. Let a(x) be the first derivative of p(x). What is a(-5)?
-3
Let p(u) be the second derivative of -u**5/20 + u**4 + u**3/6 - 4*u**2 + 8*u. Let s be p(12). Suppose 5*b = -2*d - 1, b + s = 7. Let k(w) = w + 4. Give k(d).
-4
Let c(n) = -n**3 + 6*n**2 + 6*n - 6. Let p(h) = h. Let j(v) = -c(v) - p(v). Let r be ((-16 - -28) + -10)*7/2. What is j(r)?
6
Let m be ((-15)/20)/(-4 - 154/(-40)). Let t(s) = s**3 - 5*s**2 - 2*s - 10. Give t(m).
-20
Let z(i) = 5*i - 2. Let j(t) = -t**3 + 3*t**2 + 10*t + 3. Let u be j(5). Let b be (0 - u - -5)*-1. Calculate z(b).
-12
Suppose 2*q - 3*d + d - 6 = 0, d = 3*q - 5. Let a be 2 - (-3 + q) - 8 - 4. Let z(r) = -2*r - 9. Give z(a).
7
Let n(x) = 2*x. Let s = -375 - -371. What is n(s)?
-8
Let u(l) be the third derivative of -l**6/120 + l**5/12 + l**4/4 + l**3/2 + 2*l**2 - 2*l. Let r be u(6). Let q(p) = p**2 - 3. Determine q(r).
6
Let p(n) = n**2 - 11*n + 6. Let x be p(9). Let r(q) = -q**3 - 12*q**2 + 2*q + 1. Give r(x).
-23
Let q(v) = -3*v - 1. Let t(u) = 14*u + 11. Let l(w) = 5*q(w) + t(w). What is l(4)?
2
Let y(a) = -a**3 + 5*a**2 - 4*a - 4. Suppose 11*x = -7 + 51. Let t be x/((2 - 2) + 1). Determine y(t).
-4
Let s(c) = c**3 + 10*c**2 + 11*c - 3. Suppose -y - y + 34 = -5*z, 0 = z - 3*y - 1. Calculate s(z).
37
Let q(v) be the second derivative of -v**4/2 + v**3/6 - v**2/2 - 11*v. Let n(c) = 2*c**2 - 5*c + 4. Let r be n(3). Let f = r - 6. Give q(f).
-6
Let j(d) = -2 + 5 + 816*d - 813*d. Calculate j(8).
27
Let v be 1/(-2 - (-25)/10). Let q(b) = 3*b**3 - b**2 + 3*b - 2. Calculate q(v).
24
Let o be 19 + -25 - (1 + 0). Let n(s) = s**3 + 6*s**2 - 6*s + 2. Let r be n(o). Let j(p) = -2*p + 7. Calculate j(r).
17
Let z = -1510 - -1509. Let s(u) = -2*u**2 + 3*u. What is s(z)?
-5
Suppose 3*d = 5*i - d - 36, -5*d = -4*i + 36. Let y(l) = -1 + i*l + l - l + 0. Suppose -5*w + 3*w - 4 = 0. Give y(w).
-9
Let v(u) be the third derivative of u**4/4 + 41*u**3/6 + 497*u**2. What is v(-8)?
-7
Let p(q) = q - 1. Suppose 0 = -12*g + 9*g. Calculate p(g).
-1
Suppose 14*n = 4 - 144. Let s(f) = 2*f + 8. What is s(n)?
-12
Let o = 4 - 12. Let m(c) be the second derivative of 0 - 2/3*c**4 - 1/20*c**5 + 1/6*c**3 + 2*c**2 - c. Give m(o).
-4
Let p be 2/(-12)*-9*24. Let l = -39 + p. Let a(g) = -3*g - 1. Calculate a(l).
8
Let m be (3 - 112/8) + (-24)/((-4)/1). Let o(a) = -6*a - a**2 + 3*a - 3 - 3*a. What is o(m)?
2
Let j(z) = -z**3 - 7*z**2 - z - 13. Let a(n) = -1. Let w(f) = -6*a(f) + j(f). Let l be w(-7). Let r(s) = -s**2 + s - 11. Determine r(l).
-11
Let m(p) = 15*p + 0*p - 1 - 14*p + 0*p. Let d(t) = -t - 4. Let y be d(-7). Suppose -4*z - 2*q = -4, 6*z + y*q = z + 6. Calculate m(z).
-1
Let y(v) = -v**3 - 6*v**2 - 3*v - 16. Suppose -j - 10 = 2*f, -4*f - 97 = 3*j - 79. Calculate y(f).
2
Let l(q) = 7*q**2 + 2*q + 9. Let k(g) = -4*g**2 - g - 4. Let f(v) = -9*k(v) - 4*l(v). Determine f(1).
9
Let p(a) = -4*a + 15. Let c(n) = -3*n + 14. Suppose 2*g = 5 - 1. Suppose o - 6*o - 7 = 4*j, 18 = -5*j + 3*o. Let x(t) = g*p(t) + j*c(t). What is x(6)?
-6
Let n(r) = 1 + r - 6 - 3*r + r - 5*r. What is n(0)?
-5
Let w(x) = -6*x**3 - 4*x**2 + 4*x - 12 - 6*x + 5*x**3 - 12*x**2 - 13*x. Determine w(-15).
-12
Let c(j) = -j + 22. Let x be c(7). Suppose 5*s = -3*k + k + x, 3*s + 3*k = 0. Let i(u) = u**3 - 4*u**2 - 7*u + 6. Calculate i(s).
-4
Let h(p) = 35 - 12 - 17 - 7*p + 3*p**2 - 8*p. Let j(u) = 2*u**2 - 10*u + 4. Let g(n) = -5*h(n) + 8*j(n). Determine g(3).
-4
Let a(x) be the second derivative of x**5/20 + x**4/12 - x**3/6 + 2*x**2 + 2*x. Let f(k) = 9 - 8*k + 7*k - 5. Let z be f(7). Calculate a(z).
-11
Let i be (0 - (-6)/(-9)) + (-17)/(-3). Suppose -o + 20 = -i*o. Let u(q) = -q**2 - 5*q + 6. Give u(o).
6
Suppose 5*s - 6 = 64. Let y = -10 + s. Let t(n) = 12 - 6 + y + 2*n. Give t(-7).
-4
Let c(a) = 4*a + 9. Let r be -8 - (9 - 12 - 1). Give c(r).
-7
Let n be -11 + 5 - 40/(-6). Let q(h) be the first derivative of h + n*h**3 - 5 + 3*h**2. What is q(-4)?
9
Let g(c) = 22*c + 23*c - 50*c. What is g(5)?
-25
Let r = -57 + 59. Let h(a) = 37 + a**r - 38 + a + 5*a. Give h(-5).
-6
Suppose -513 = -4*h - 3*y + 99, -4*h = 2*y - 612. Suppose -3*f - h = 2*g - 8, g + 50 = -f. Let a be (-26)/5 - 9/f. Let m(x) = -x**2 - 6*x - 3. What is m(a)?
2
Let s be (3 - 8)/((-2)/54). Let u(q) = 9 - 2 + s*q - 136*q. Give u(6).
1
Let w(t) = t**3 - 4*t**2 + 3*t + 2. Let b be w(3). Suppose -42 = -21*q - 0. Let z(y) = -3*y + 3*y - y**2 + b*y**q - 3 + 3*y. Determine z(2).
7
Let o(w) be the second derivative of w**7/840 + w**6/72 - w**4/8 - w**3/2 + 4*w. Let a(u) be the second derivative of o(u). Calculate a(-3).
15
Let r(v) = -v**2 + 3*v - 4. Let u be ((-9)/3)/((-12)/16). Suppose -s + 0 + u = 0. Suppose -9 = -s*n + n. Calculate r(n).
-4
Let g(f) = f**2 + 16*f - 18. Suppose 312 = -14*n + 74. Determine g(n).
-1
Let h be (0/1)/2 - 3. Let a(o) be the first derivative of -o**4/4 - o**3 - o**2/2 + 1. Calculate a(h).
3
Let j(y) = y + 11. Let o be -1*4*(-20 + 22). Give j(o).
3
Let h(n) be the second derivative of -n**4/12 + 3*n**2 - 15*n. Let z(v) = v**2 - 9*v - 9. Let b be z(10). Let s be 0/(b + -4 + 2). Give h(s).
6
Let s(k) = 10*k**3 + 5*k**2 - k - 5. Let t(j) = -9*j**3 - 4*j**2 + j + 4. Suppose -6 = u - 2. Let r(x) = u*s(x) - 5*t(x). Determine r(1).
4
Let v(j) = j + 2. Let a be -4 - 1/(4/(-24)). Let x be v(a). Let y be 1*1/x*4. Let m(n) = -6*n**3 + 2*n**2 - 2*n + 1. Calculate m(y).
-5
Let q(p) = -p**2 - 3*p - 6. Let f be 0 + -6 - -5 - 3. Give q(f).
-10
Let h(s) = -2*s - 1. Suppose 4*i - 5*k - 33 = 2*i, -3*i + 24 = k. What is h(i)